**2 - 10*t - 6. Calculate the remainder when 35 is divided by h(w).
17
Suppose z = -2 - 2, -5*i = -2*z - 223. What is the remainder when i is divided by 17?
9
Let x = 211 - 174. Let t be (-34)/(-8) + 1/(-4). Suppose -2*h + q + 13 = 2*q, 5*h - x = -t*q. Calculate the remainder when 10 is divided by h.
0
Let y(i) = i**2 + 5*i - 4. What is the remainder when y(-11) is divided by 11?
7
Let t be 4/(-2) + 1*86. Let n = t - 58. What is the remainder when n is divided by 4/(-16) - (-37)/4?
8
Suppose 225*c - 220*c = 140. Let u be 6/21 + (-519)/(-21). Let z = u - 10. What is the remainder when c is divided by z?
13
Suppose -2*u + 153 = -5*a, 52*u - 56*u - 2*a + 342 = 0. What is the remainder when u is divided by 6?
0
Let m = -153 + 157. What is the remainder when 14 is divided by m?
2
Let t(x) = -x + 1. Let o be t(-2). Suppose -3 = -h + 3*l, h + 3*l = 3*h + o. What is the remainder when 4 is divided by (15/h + 2)*-6?
1
Let y(z) = -z**3 + 0*z - 1 - 8*z**2 - 2 - 10*z + 0. Suppose 5*v + 44 = 9. Calculate the remainder when 51 is divided by y(v).
15
Let u = 103 - 42. What is the remainder when u is divided by 22?
17
Suppose 147 - 31 = 4*z. Let t(a) = -5 - 5*a + 6*a**2 - 9*a**2 + 16*a**2 + 7*a**2. What is the remainder when t(-2) is divided by z?
27
Let m be 27/((-2 + 0)/2). Let b = -21 - m. Calculate the remainder when (-194)/(-18) + 2/9 is divided by b.
5
Suppose -3*y + 7 = -r, 3*y = -2*r + 5*r + 9. Suppose 0 = y*o - 3*o + 18. Calculate the remainder when 52 is divided by o.
16
Let r(m) = -m**2 - 7*m - 2. Let b be r(-3). Suppose -35 = -b*x + 35. Let d = -3 - -7. Calculate the remainder when x is divided by d.
3
Suppose 11*k - 3533 = -475. Calculate the remainder when k is divided by 28.
26
Let d be (-272)/(-2) - (-28)/7. Calculate the remainder when d*(-3)/(-15)*2 is divided by 19.
18
Calculate the remainder when 0 - 3/(-21) - 6412/(-49) is divided by 12.
11
Let x(u) = -u**2 - 19*u + 20. What is the remainder when 71 is divided by x(0)?
11
Let j(n) = 25*n. Let k be j(3). Suppose m + k = 4*m. Suppose -x = 4*x - m. What is the remainder when 19 is divided by x?
4
Let j = -1031 - -1038. Let a(v) = -v**2 + 5*v + 2. What is the remainder when j is divided by a(5)?
1
Suppose 8*b - 238 = -22. Calculate the remainder when 107 is divided by b.
26
Suppose 0*c - 188 = -4*c. Let x = c - 35. Calculate the remainder when 46 is divided by x.
10
Let b(q) = 88*q + 289. Calculate the remainder when 94 is divided by b(-3).
19
Suppose -2*g + 4*g = -580. Let b = -165 - g. What is the remainder when b is divided by 32?
29
Suppose -121*s + 119*s + 6 = 0. Suppose 60 = 2*c - 3*t, 3*c + 2*t = -s*t + 52. What is the remainder when 44 is divided by c?
20
Suppose 4*o + 26 = -2*d + 3*o, 48 = -3*d + 3*o. Calculate the remainder when 113 is divided by (d - (1 + 4/(-8)))*-2.
26
Let c = 111 - 43. What is the remainder when 267 is divided by c?
63
Let g(x) = x**3 - 8*x**2 + 6*x - 19. What is the remainder when g(8) is divided by 12?
5
Suppose -46 - 84 = -5*o. Suppose 3 = -23*d + o*d. What is the remainder when 4 is divided by d?
0
Suppose -6*z + 3*z + 33 = 0. Let o = -114 - -198. Suppose 0 = -4*u - 3*j + o, -2*u + 36 = j - 6. What is the remainder when u is divided by z?
10
Let z(v) = 2*v**2 + 7*v - 20. Let o be z(-14). Suppose 5*b - o = 61. Let p(l) = -l**2 + 11*l - 5. Calculate the remainder when b is divided by p(7).
21
Let l(f) = f**2 - 23*f + 102. Suppose 5*h = 3*x + 234, h - 2*x - 96 = -h. Calculate the remainder when h is divided by l(18).
9
Let x(v) = v. Let i be x(-2). Calculate the remainder when (-2 - 73)/((-3)/(-6)*i) is divided by 20.
15
Let u = -632 - -677. What is the remainder when u is divided by 25?
20
Suppose 32*p - 22*p - 400 = 0. Calculate the remainder when p is divided by 22.
18
Let l = -1757 + 1833. What is the remainder when 408 is divided by l?
28
Suppose 57*c - 61*c - 200 = 0. Let d = 153 + c. Calculate the remainder when d is divided by 5.
3
Calculate the remainder when ((-2)/(-3))/(4/582) is divided by (-65 + 40)/(5/(-4)).
17
Let l(o) = -19*o**3 - 2*o - 1. Let p(y) = 16*y + 36. Let d be p(10). Let i = d + -117. Calculate the remainder when i is divided by l(-1).
19
Suppose o - 27 = -3*n, 3*n - 2*o - 21 = -5*o. Let y be (-436)/(-2)*(-3)/(-6). Suppose -y = -5*c + 31. Calculate the remainder when c is divided by n.
8
Let r be 5/(-1)*(-12)/30. Suppose 7*w = -r*n + 3*w + 22, -2*n = -3*w - 43. Let f(z) = z + 30. Calculate the remainder when f(0) is divided by n.
13
Let f(i) = 3*i**2 - 2*i - 2. Let q be ((-3 - -10) + -3)/2. Suppose 1 + 1 = q*n + 3*z, -4*n - 5*z + 2 = 0. Calculate the remainder when 54 is divided by f(n).
12
Let p = 16 - 10. Let t = 471 + -455. What is the remainder when t is divided by p?
4
Suppose 6*x = 28 + 62. Let d(t) = -t - 4. Let v be d(5). Calculate the remainder when (-3)/v*522/3 is divided by x.
13
Suppose 0 = w - 0*w - 47. Let j = w - 25. Let h(d) = -191*d - 759. Calculate the remainder when j is divided by h(-4).
2
Let b be (-2)/3*9/(-2). What is the remainder when 1/(5*7/4025) is divided by 26 - 1/((-1)/b)?
28
Let y(i) = 8*i + 243. Calculate the remainder when y(-21) is divided by 26.
23
Suppose 56*p - 56 = -5*i + 53*p, 2*i - 10 = 5*p. Calculate the remainder when 251 is divided by i.
1
Let r(u) = 987*u - 1. Let f be r(-1). Calculate the remainder when 2/(-7) + f/(-28) is divided by 18.
17
Let k(h) = -24*h - 48. Calculate the remainder when 138 is divided by k(-4).
42
Suppose 2*t + 2*q = 6*t - 178, -t - q + 49 = 0. Let w(b) = -b**3 + 8*b**2 - 2*b - 36. What is the remainder when t is divided by w(6)?
22
Suppose -12*a + 20 = -16*a, -2*c = -4*a - 48. What is the remainder when 50 is divided by c?
8
Let i = -3 - -11. Let c = i - -23. What is the remainder when c is divided by (11 - (1 + -2))*98/147?
7
Let m be 6/27 - (-119)/(-9). Let p = 26 + -55. Let d = m - p. Calculate the remainder when 79 is divided by d.
15
Let x be 2*16 + 0 - -1. Let c = x + -14. Calculate the remainder when 0 + 1030/14 - (528/77)/12 is divided by c.
16
Suppose 2*s = 2*l + 390, -3*l = s - 71 - 140. Calculate the remainder when s is divided by 67.
65
Let f = 10 - 5. Suppose 0*t = f*t - 265. What is the remainder when t is divided by 1*(-3)/21 + 1016/56?
17
Suppose -30*g + 4*g = -1820. Calculate the remainder when 198 is divided by g.
58
Let u(g) = 2*g**2 + 250*g - 2119. Let n(y) = 5*y + y**2 - 5*y + 3 - 3*y. What is the remainder when u(8) is divided by n(3)?
0
Let l = -16 - -24. What is the remainder when -2 - l/(-4)*110 is divided by 44?
42
Suppose -2*a - 64 = -2*o, -4*a + 25 = 4*o - 79. Calculate the remainder when 201 is divided by o.
27
Suppose -324 + 306 = -x. Let w(l) = -l + 2. Suppose -2*t = t + 15. Calculate the remainder when x is divided by w(t).
4
Suppose v + 5*w = 26 - 11, -w = -5*v + 23. Suppose 86 + 25 = 5*p + 3*y, -53 = -3*p + v*y. What is the remainder when p is divided by 8?
5
Suppose -4 = -3*l + 11, 2*x - 2*l = 206. Calculate the remainder when x is divided by 10.
8
Suppose 3*s - 3 = 0, -3*n - 2*s = -0*n - 14. What is the remainder when 41 is divided by n?
1
Let j(g) = g**3 + 9*g**2 + 12*g + 28. Let y be j(-8). Let c(b) = -1 + 4 + 0 - 2*b. Calculate the remainder when 20 is divided by c(y).
9
Suppose 0 = 2*s + 3*x - 19, 2*x - 3*x - 45 = -4*s. Calculate the remainder when (-831)/(-27) - (-10)/45 is divided by s.
9
Let b(s) = s**3 - 8*s**2 + s + 2. Let c(k) = -k**3 - k**3 + 3*k**3 + 7*k**2 + 17*k + 6 - 11*k. Calculate the remainder when b(8) is divided by c(-6).
4
Suppose 0*d = d - 88. Let s be (-6352)/88 + ((-4)/(-22) - 0). Let u = -54 - s. Calculate the remainder when d is divided by u.
16
Suppose -816*c + 621 = -813*c. What is the remainder when c is divided by 20?
7
Let q(j) = -j**2 + 8*j - 7. Calculate the remainder when ((-10)/(-12))/((-5)/6 - -1) is divided by q(6).
0
Suppose 7*l - 211 = -50. What is the remainder when 91 is divided by l?
22
Let n be 8/(-8) + 10/2. Suppose 0 = 5*t - 4*w - 310, n*w - 270 = -7*t + 2*t. Calculate the remainder when t is divided by 12.
10
Suppose 2*w - 2 = -2*b, -b = 7*w - 2*w - 17. Let d be 4/2 + -1 + b. Calculate the remainder when 62 is divided by (-1)/(50/26 + d).
10
Let r(p) = -14*p**3 - 5*p**2 - 8*p - 8. What is the remainder when 387 is divided by r(-2)?
87
Let a(p) = -p + 6. Suppose -76 = -c + 2*k, 2*k = 